?
False
Is 213447923 a multiple of 1380?
False
Does 760 divide 5391440?
True
Does 53 divide 13306127?
True
Is 7993031 a multiple of 65?
False
Does 15 divide 150762826?
False
Is 579 a factor of 155173323?
False
Is 184406243 a multiple of 91?
False
Is 46861459 a multiple of 7?
False
Is 90 a factor of 3670650?
True
Is 103451200 a multiple of 3040?
True
Is 1030474863 a multiple of 530?
False
Does 911 divide 28208353?
False
Is 3438063 a multiple of 392?
False
Is 261550368 a multiple of 568?
True
Is 40 a factor of 68462760?
True
Is 13 a factor of 1301211787?
False
Does 182 divide 1119117988?
False
Does 138 divide 844776525?
False
Does 10 divide 14721105?
False
Is 39225565 a multiple of 1433?
False
Is 19483800 a multiple of 196?
False
Is 42709949 a multiple of 96?
False
Is 185 a factor of 187764270?
True
Does 168 divide 2873436962?
False
Does 32 divide 21811136?
True
Is 85650192 a multiple of 36?
True
Is 12 a factor of 41081868?
True
Is 1239694442 a multiple of 3134?
True
Does 54 divide 2010834504?
True
Does 33 divide 75811692?
True
Is 145717490 a multiple of 146?
True
Is 54 a factor of 43533801?
False
Is 94 a factor of 12826582?
True
Does 655 divide 4105050?
False
Does 31 divide 181376651?
False
Is 1689 a factor of 3107932278?
True
Is 4114 a factor of 413241349?
False
Does 2068 divide 168554408?
True
Is 117 a factor of 52372002?
False
Does 4033 divide 370798053?
True
Is 880 a factor of 138539280?
True
Does 1625 divide 1127129858?
False
Is 371314000 a multiple of 1675?
True
Is 2267 a factor of 293036954?
True
Is 5 a factor of 12690465?
True
Does 508 divide 425298660?
False
Is 3034 a factor of 180648204?
False
Is 64133363 a multiple of 269?
False
Does 5585 divide 1489347524?
False
Is 1286 a factor of 6849236?
True
Does 30 divide 1124171910?
True
Is 69323136 a multiple of 64?
True
Does 1177 divide 46832830?
True
Is 912339912 a multiple of 732?
True
Is 356 a factor of 65017619?
False
Is 1996039713 a multiple of 310?
False
Is 313 a factor of 68118503?
True
Is 1656744520 a multiple of 578?
True
Is 4485852 a multiple of 28?
True
Is 18 a factor of 6055707?
False
Is 3528064 a multiple of 4?
True
Is 130 a factor of 34135270?
True
Is 861 a factor of 1068080832?
True
Is 7164469 a multiple of 13?
True
Does 618 divide 81920718?
False
Is 35541 a multiple of 6?
False
Is 88551594 a multiple of 18?
True
Is 4947864 a multiple of 343?
False
Is 516 a factor of 83951961?
False
Is 52430688 a multiple of 96?
True
Is 2 a factor of 107578066?
True
Is 38059307 a multiple of 767?
True
Is 1298715565 a multiple of 265?
False
Is 20584017 a multiple of 102?
False
Is 963 a factor of 132553979?
False
Is 36 a factor of 26459478?
False
Does 129 divide 1754598273?
True
Is 78261836 a multiple of 116?
True
Does 7 divide 208474889?
True
Is 2430963 a multiple of 3153?
True
Does 13 divide 18773334?
False
Does 9 divide 4578498?
True
Is 55 a factor of 389837910?
True
Is 158718922 a multiple of 263?
True
Does 5 divide 181012439?
False
Is 132 a factor of 279221052?
True
Does 126 divide 521699947?
False
Does 1385 divide 149788203?
False
Does 49 divide 134731282?
True
Is 556592645 a multiple of 78?
False
Is 4 a factor of 9546516?
True
Is 24 a factor of 1014718080?
True
Does 2 divide 138780535?
False
Is 699 a factor of 296725208?
False
Is 984357646 a multiple of 137?
False
Is 59 a factor of 75906?
False
Does 128 divide 26197120?
True
Does 3050 divide 47076641?
False
Is 3303 a factor of 59430879?
True
Is 549 a factor of 72865793?
False
Is 9 a factor of 873606626?
False
Is 97600950 a multiple of 135?
True
Is 893203899 a multiple of 1029?
True
Does 3175 divide 2308107525?
True
Is 23949012 a multiple of 4?
True
Is 2142900552 a multiple of 39?
True
Does 4 divide 97444116?
True
Is 1191 a factor of 77819984?
False
Does 371 divide 98208895?
False
Is 160 a factor of 1846880?
True
Does 59 divide 611928353?
True
Does 1138 divide 140686388?
True
Does 4925 divide 333749073?
False
Is 27 a factor of 102578724?
True
Is 3 a factor of 1069161776?
False
Is 2341 a factor of 149044447?
True
Is 4630 a factor of 1286028800?
True
Does 3197 divide 20154846?
False
Does 14 divide 54257042?
True
Is 155456022 a multiple of 421?
False
Does 2262 divide 49279659?
False
Is 35445564 a multiple of 18?
True
Does 253 divide 323625709?
True
Is 474587005 a multiple of 565?
True
Is 1015 a factor of 982115946?
False
Is 12442378 a multiple of 22?
False
Is 261 a factor of 226529991?
True
Is 2751193 a multiple of 2222?
False
Is 33092212 a multiple of 57?
False
Does 1253 divide 265620964?
True
Is 585 a factor of 108101036?
False
Does 2403 divide 21992256?
True
Does 43 divide 148430786?
False
Does 353 divide 14505123?
True
Does 758 divide 1428471133?
False
Does 2 divide 8615679?
False
Does 245 divide 1741487685?
True
Is 172804653 a multiple of 1788?
False
Is 513 a factor of 28240684?
False
Is 2470913436 a multiple of 154?
False
Is 39153469 a multiple of 194?
False
Is 631 a factor of 320946161?
True
Does 13 divide 49698414?
False
Does 3017 divide 698719098?
True
Is 1160 a factor of 10598920?
True
Is 154741691 a multiple of 6?
False
Is 716507279 a multiple of 50?
False
Does 155 divide 113359105?
False
Does 88 divide 20329909?
False
Is 15 a factor of 761594413?
False
Does 8841 divide 419302107?
True
Does 90 divide 714839822?
False
Is 674 a factor of 269531979?
False
Does 15 divide 5385090?
True
Is 2765 a factor of 595583765?
True
Is 51434223 a multiple of 147?
False
Is 8 a factor of 590352557?
False
Does 5790 divide 4505025536?
False
Is 34 a factor of 14039399?
False
Is 98 a factor of 2195327501?
False
Is 9330 a factor of 1387193730?
True
Is 1173560796 a multiple of 9?
True
Does 1576 divide 16545326?
False
Does 39 divide 11037663?
True
Is 137571672 a multiple of 7?
True
Is 85 a factor of 1250180?
True
Is 1629 a factor of 38231001?
True
Does 147 divide 21548832?
False
Is 187 a factor of 888552005?
True
Does 75 divide 2059410375?
True
Is 9 a factor of 46532022?
False
Does 465 divide 197086995?
True
Does 5 divide 4329050?
True
Is 47 a factor of 89152116?
False
Does 164 divide 10500756?
True
Is 361 a factor of 1684357410?
True
Does 2362 divide 198306434?
True
Does 1098 divide 3759928?
False
Is 1088570725 a multiple of 275?
True
Does 8266 divide 1277962316?
False
Is 19 a factor of 589451117?
True
Does 50 divide 91882350?
True
Does 227 divide 267959123?
False
Is 280 a factor of 426580560?
True
Does 43 divide 1725608611?
False
Is 1076 a factor of 2356074160?
True
Is 5892 a factor of 89934378?
False
Does 142 divide 1197663784?
True
Does 503 divide 299007592?
False
Does 12 divide 38282664?
True
Is 750 a factor of 163873792?
False
Is 4735578 a multiple of 789?
True
Does 81 divide 303506433?
True
Is 546 a factor of 21805056?
True
Is 2143 a factor of 25576705?
True
Is 34 a factor of 65274458?
True
Does 4046 divide 396245279?
False
Is 600583953 a multiple of 3376?
False
Is 6 a factor of 101642640?
True
Does 15 divide 39684435?
True
Does 6 divide 464604844?
False
Is 2938 a factor of 83014865?
False
Does 9 divide 2626718507?
False
Is 542349228 a multiple of 3441?
False
Does 5053 divide 2580824266?
False
Does 87 divide 23048539?
False
Is 27909248 a multiple of 8?
True
Is 24 a factor of 17689709?
False
Does 483 divide 37004507?
False
Is 620 a factor of 11781240?
True
Does 1712 divide 321472512?
True
Does 508 divide 171603280?
False
Is 1270 a factor of 19880580?
True
Does 86 divide 124857552?
True
Does 2526 divide 49956702?
True
Does 3798 divide 497708910?
True
Does 110 divide 4527108?
False
Is 1052 a factor of 169787540?
True
Is 1428 a factor of 245147987?
False
Is 11 a factor of 390103054?
True
Is 1259 a factor of 597416903?
True
Is 2 a factor of 462936993?
False
Does 74 divide 19243922?
True
Is 47 a factor of 64586531?
False
Is 348 a factor of 28126202?
False
Is 845 a factor of 198746025?
False
Does 108 divide 420102209?
False
Is 1346 a factor of 32111786?
False
Is 154252560 a multiple of 3740?
True
Is 1233552 a multiple of 93?
True
Is 68579356 a multiple of 233?
True
Does 13 divide 170450475?
True
Is 143716016 a multiple of 8?
True
Is 4240 a factor of 808886000?
True
Does 19 divide 9559433?
False
Is 1859578472 a multiple of 30?
False
Is 259021580 a multiple of 635?
True
Is 32 a factor of 85846112?
True
Is 2 a factor of 12322869?
False
Is 479855796 a mult